{"id":7,"date":"2024-09-03T16:52:49","date_gmt":"2024-09-03T19:52:49","guid":{"rendered":"https:\/\/edisabato.online\/pdl3a\/?page_id=7"},"modified":"2024-11-26T17:33:57","modified_gmt":"2024-11-26T20:33:57","slug":"inicio","status":"publish","type":"page","link":"https:\/\/edisabato.online\/pdl3a\/","title":{"rendered":"Inicio"},"content":{"rendered":"\n<h2 class=\"wp-block-heading\">Actividad Clases 26\/11<\/h2>\n\n\n\n<figure class=\"wp-block-image size-full\"><img loading=\"lazy\" decoding=\"async\" width=\"1024\" height=\"1024\" src=\"https:\/\/edisabato.online\/pdl3a\/wp-content\/uploads\/sites\/15\/2024\/11\/Araceli-Cuatro-hombres-portugueses-en-la-vereda-de-una-calle.-En-una-noche-tormentosa-y-lluviosa-.jpeg\" alt=\"\" class=\"wp-image-52\" srcset=\"https:\/\/edisabato.online\/pdl3a\/wp-content\/uploads\/sites\/15\/2024\/11\/Araceli-Cuatro-hombres-portugueses-en-la-vereda-de-una-calle.-En-una-noche-tormentosa-y-lluviosa-.jpeg 1024w, https:\/\/edisabato.online\/pdl3a\/wp-content\/uploads\/sites\/15\/2024\/11\/Araceli-Cuatro-hombres-portugueses-en-la-vereda-de-una-calle.-En-una-noche-tormentosa-y-lluviosa--300x300.jpeg 300w, https:\/\/edisabato.online\/pdl3a\/wp-content\/uploads\/sites\/15\/2024\/11\/Araceli-Cuatro-hombres-portugueses-en-la-vereda-de-una-calle.-En-una-noche-tormentosa-y-lluviosa--150x150.jpeg 150w, https:\/\/edisabato.online\/pdl3a\/wp-content\/uploads\/sites\/15\/2024\/11\/Araceli-Cuatro-hombres-portugueses-en-la-vereda-de-una-calle.-En-una-noche-tormentosa-y-lluviosa--768x768.jpeg 768w\" sizes=\"(max-width: 1024px) 100vw, 1024px\" \/><\/figure>\n\n\n\n<figure class=\"wp-block-image size-full\"><img loading=\"lazy\" decoding=\"async\" width=\"1024\" height=\"1024\" src=\"https:\/\/edisabato.online\/pdl3a\/wp-content\/uploads\/sites\/15\/2024\/11\/Valentina-un-senor-tirado-en-el-piso-con-un-portugues-hombre-atras-mirandolo-en-una-noche-lluviosa.jpeg\" alt=\"\" class=\"wp-image-50\" srcset=\"https:\/\/edisabato.online\/pdl3a\/wp-content\/uploads\/sites\/15\/2024\/11\/Valentina-un-senor-tirado-en-el-piso-con-un-portugues-hombre-atras-mirandolo-en-una-noche-lluviosa.jpeg 1024w, https:\/\/edisabato.online\/pdl3a\/wp-content\/uploads\/sites\/15\/2024\/11\/Valentina-un-senor-tirado-en-el-piso-con-un-portugues-hombre-atras-mirandolo-en-una-noche-lluviosa-300x300.jpeg 300w, https:\/\/edisabato.online\/pdl3a\/wp-content\/uploads\/sites\/15\/2024\/11\/Valentina-un-senor-tirado-en-el-piso-con-un-portugues-hombre-atras-mirandolo-en-una-noche-lluviosa-150x150.jpeg 150w, https:\/\/edisabato.online\/pdl3a\/wp-content\/uploads\/sites\/15\/2024\/11\/Valentina-un-senor-tirado-en-el-piso-con-un-portugues-hombre-atras-mirandolo-en-una-noche-lluviosa-768x768.jpeg 768w\" sizes=\"(max-width: 1024px) 100vw, 1024px\" \/><\/figure>\n\n\n\n<figure class=\"wp-block-image size-full\"><img loading=\"lazy\" decoding=\"async\" width=\"1024\" height=\"1024\" src=\"https:\/\/edisabato.online\/pdl3a\/wp-content\/uploads\/sites\/15\/2024\/11\/lautarotres-portugueses-bajo-un-paraguas-en-una-noche-bien-fria-lloviendo-con-relampagos-y-truenos-y-uno-tirado-en-el-piso.jpeg\" alt=\"\" class=\"wp-image-55\" srcset=\"https:\/\/edisabato.online\/pdl3a\/wp-content\/uploads\/sites\/15\/2024\/11\/lautarotres-portugueses-bajo-un-paraguas-en-una-noche-bien-fria-lloviendo-con-relampagos-y-truenos-y-uno-tirado-en-el-piso.jpeg 1024w, https:\/\/edisabato.online\/pdl3a\/wp-content\/uploads\/sites\/15\/2024\/11\/lautarotres-portugueses-bajo-un-paraguas-en-una-noche-bien-fria-lloviendo-con-relampagos-y-truenos-y-uno-tirado-en-el-piso-300x300.jpeg 300w, https:\/\/edisabato.online\/pdl3a\/wp-content\/uploads\/sites\/15\/2024\/11\/lautarotres-portugueses-bajo-un-paraguas-en-una-noche-bien-fria-lloviendo-con-relampagos-y-truenos-y-uno-tirado-en-el-piso-150x150.jpeg 150w, https:\/\/edisabato.online\/pdl3a\/wp-content\/uploads\/sites\/15\/2024\/11\/lautarotres-portugueses-bajo-un-paraguas-en-una-noche-bien-fria-lloviendo-con-relampagos-y-truenos-y-uno-tirado-en-el-piso-768x768.jpeg 768w\" sizes=\"(max-width: 1024px) 100vw, 1024px\" \/><\/figure>\n\n\n\n<figure class=\"wp-block-image size-full\"><img loading=\"lazy\" decoding=\"async\" width=\"1024\" height=\"1024\" src=\"https:\/\/edisabato.online\/pdl3a\/wp-content\/uploads\/sites\/15\/2024\/11\/santiago-Un-hombre-real-enojado-y-serio-saliendo-de-un-bar-con-un-arma-de-fuego-de-noche.jpeg\" alt=\"\" class=\"wp-image-57\" srcset=\"https:\/\/edisabato.online\/pdl3a\/wp-content\/uploads\/sites\/15\/2024\/11\/santiago-Un-hombre-real-enojado-y-serio-saliendo-de-un-bar-con-un-arma-de-fuego-de-noche.jpeg 1024w, https:\/\/edisabato.online\/pdl3a\/wp-content\/uploads\/sites\/15\/2024\/11\/santiago-Un-hombre-real-enojado-y-serio-saliendo-de-un-bar-con-un-arma-de-fuego-de-noche-300x300.jpeg 300w, https:\/\/edisabato.online\/pdl3a\/wp-content\/uploads\/sites\/15\/2024\/11\/santiago-Un-hombre-real-enojado-y-serio-saliendo-de-un-bar-con-un-arma-de-fuego-de-noche-150x150.jpeg 150w, https:\/\/edisabato.online\/pdl3a\/wp-content\/uploads\/sites\/15\/2024\/11\/santiago-Un-hombre-real-enojado-y-serio-saliendo-de-un-bar-con-un-arma-de-fuego-de-noche-768x768.jpeg 768w\" sizes=\"(max-width: 1024px) 100vw, 1024px\" \/><\/figure>\n\n\n\n\n\n<h2 class=\"wp-block-heading has-text-align-center\">Actividad clase 05\/11 de 2024<\/h2>\n\n\n\n<p><\/p>\n\n\n\n<p>En base a este cuente deben trabajar la noticia para ser trabajada en word. <\/p>\n\n\n<a href=\"https:\/\/edisabato.online\/pdl3a\/wp-content\/uploads\/sites\/15\/2024\/11\/Tres-portugueses-bajo-un-paraguas-Rodolfo-Walsh.pdf\" class=\"pdfemb-viewer\" style=\"\" data-width=\"max\" data-height=\"max\" data-toolbar=\"bottom\" data-toolbar-fixed=\"off\">Tres-portugueses-bajo-un-paraguas-Rodolfo-Walsh<\/a>\n\n\n<p>Hablamos un poco de la noticia, miren este PDF. <\/p>\n\n\n<a href=\"https:\/\/edisabato.online\/pdl3a\/wp-content\/uploads\/sites\/15\/2024\/11\/DOC-20241104-WA0012._compressed.pdf\" class=\"pdfemb-viewer\" style=\"\" data-width=\"max\" data-height=\"max\" data-toolbar=\"bottom\" data-toolbar-fixed=\"off\">DOC-20241104-WA0012._compressed<\/a>\n\n\n<p>Esto fue lo que estuvimos trabajando en la clase del 05 de Noviembre. <\/p>\n\n\n\n<div style=\"height:100px\" aria-hidden=\"true\" class=\"wp-block-spacer\"><\/div>\n\n\n\n<h2 class=\"wp-block-heading has-text-align-center\">Actividad clase 22\/10 de 2024<\/h2>\n\n\n\n<h2 class=\"wp-block-heading\">La argumentaci\u00f3n en la literatura<\/h2>\n\n\n\n<p>En la literatura, existen diferentes g\u00e9neros que no son lo mismo que los g\u00e9neros no literarios. \u00a1Ojo, no los confundas!<\/p>\n\n\n\n<p>Dentro de los <strong>g\u00e9neros literarios<\/strong>, pod\u00e9s encontrar la <strong>ciencia ficci\u00f3n<\/strong>, el <strong>policial<\/strong>, las <strong>novelas<\/strong> o los <strong>cuentos<\/strong>. Estos g\u00e9neros buscan, principalmente, contar historias que nos entretengan, nos hagan pensar o nos emocionen.<\/p>\n\n\n\n<p>Por otro lado, tenemos los <strong>g\u00e9neros no literarios<\/strong>, como los <strong>textos explicativos<\/strong>, los <strong>textos informativos<\/strong> o los <strong>textos argumentativos<\/strong>. Estos son m\u00e1s funcionales, es decir, tienen una finalidad m\u00e1s pr\u00e1ctica, como explicarte algo o darte informaci\u00f3n clara sobre un tema.<\/p>\n\n\n\n<p>En particular, el <strong>texto argumentativo<\/strong> tiene un objetivo muy claro: <strong>convencer<\/strong> o <strong>persuadir<\/strong>. \u00bfC\u00f3mo lo hace? Presentando ideas l\u00f3gicas, con coherencia, y justificando una postura para que los lectores terminen creyendo que lo que dice tiene sentido. Este tipo de texto busca que te pongas de su lado, que veas las cosas como \u00e9l las plantea y que pienses: &#8220;\u00a1Es verdad, tiene raz\u00f3n!&#8221;<\/p>\n\n\n\n<p>Ahora como actividad sigue una lectura. <\/p>\n\n\n\n<h2 class=\"wp-block-heading\">Actividad Le\u00e9 &#8220;Do\u00f1a rosita, la soltera&#8221;<\/h2>\n\n\n<a href=\"https:\/\/edisabato.online\/pdl3a\/wp-content\/uploads\/sites\/15\/2024\/10\/Escaneado_Actividad3A-Clase-20241022-1645.pdf\" class=\"pdfemb-viewer\" style=\"\" data-width=\"max\" data-height=\"max\" data-toolbar=\"bottom\" data-toolbar-fixed=\"off\">Escaneado_Actividad3A-Clase-20241022-1645<\/a>\n\n\n<h2 class=\"wp-block-heading has-text-align-center\">Actividad clase 03 de Septiembre de 2024<\/h2>\n\n\n\n<h2 class=\"wp-block-heading\">Actividad: Luego de haber le\u00eddo &#8220;Caza Mayor&#8221; de Isaac Asimov, respond\u00e9.<\/h2>\n\n\n\n<ol class=\"wp-block-list\">\n<li>\u00bfQu\u00e8 personajes participan en el cuento? \u00bfC\u00f3mo se llaman? <\/li>\n\n\n\n<li>Marca con una X los rasgos que caracterizan al narrador de este cuento:\n<ul class=\"wp-block-list\">\n<li>Participa de los hechos pero no es protagonista.<\/li>\n\n\n\n<li>Participa de los hechos y es protagonista.<\/li>\n\n\n\n<li>Est\u00e1 dentro de la historia.<\/li>\n\n\n\n<li>Narra en primera persona.<\/li>\n\n\n\n<li>Describe solo lo que puede percibir.<\/li>\n\n\n\n<li>No participa de los hechos.<\/li>\n\n\n\n<li>Est\u00e1 fuera de la historia.<\/li>\n\n\n\n<li>Narra en tercera persona.<\/li>\n\n\n\n<li>Conoce todo sobre los hechos y los personajes.<\/li>\n<\/ul>\n<\/li>\n<\/ol>\n\n\n\n<p><\/p>\n\n\n\n<p><\/p>\n\n\n\n<p><\/p>\n\n\n\n<div class=\"wp-block-group is-content-justification-center is-layout-constrained wp-block-group-is-layout-constrained\"><a href=\"https:\/\/edisabato.online\/pdl3a\/wp-content\/uploads\/sites\/15\/2024\/09\/Asimov-Isaac-Caza-Mayor.pdf\" class=\"pdfemb-viewer\" style=\"width:800px;\" data-width=\"800\" data-height=\"max\" data-toolbar=\"top\" data-toolbar-fixed=\"off\">Asimov-Isaac-Caza-Mayor<\/a><\/div>\n\n\n\n<p><\/p>\n","protected":false},"excerpt":{"rendered":"<p>Actividad Clases 26\/11 Actividad clase 05\/11 de 2024 En base a este cuente deben trabajar la noticia para ser trabajada en word. Hablamos un poco de la noticia, miren este PDF. Esto fue lo que estuvimos trabajando en la clase del 05 de Noviembre. Actividad clase 22\/10 de 2024 La argumentaci\u00f3n en la literatura En [&hellip;]<\/p>\n","protected":false},"author":1,"featured_media":0,"parent":0,"menu_order":0,"comment_status":"closed","ping_status":"closed","template":"","meta":{"footnotes":""},"class_list":["post-7","page","type-page","status-publish","hentry"],"blocksy_meta":[],"_links":{"self":[{"href":"https:\/\/edisabato.online\/pdl3a\/wp-json\/wp\/v2\/pages\/7"}],"collection":[{"href":"https:\/\/edisabato.online\/pdl3a\/wp-json\/wp\/v2\/pages"}],"about":[{"href":"https:\/\/edisabato.online\/pdl3a\/wp-json\/wp\/v2\/types\/page"}],"author":[{"embeddable":true,"href":"https:\/\/edisabato.online\/pdl3a\/wp-json\/wp\/v2\/users\/1"}],"replies":[{"embeddable":true,"href":"https:\/\/edisabato.online\/pdl3a\/wp-json\/wp\/v2\/comments?post=7"}],"version-history":[{"count":22,"href":"https:\/\/edisabato.online\/pdl3a\/wp-json\/wp\/v2\/pages\/7\/revisions"}],"predecessor-version":[{"id":49,"href":"https:\/\/edisabato.online\/pdl3a\/wp-json\/wp\/v2\/pages\/7\/revisions\/49"}],"wp:attachment":[{"href":"https:\/\/edisabato.online\/pdl3a\/wp-json\/wp\/v2\/media?parent=7"}],"curies":[{"name":"wp","href":"https:\/\/api.w.org\/{rel}","templated":true}]}}